0?
48
What is the remainder when 159 is divided by 78?
3
What is the remainder when 68 is divided by 7?
5
Calculate the remainder when 482 is divided by 127.
101
Calculate the remainder when 44 is divided by 15.
14
Calculate the remainder when 134 is divided by 74.
60
What is the remainder when 439 is divided by 34?
31
Calculate the remainder when 7286 is divided by 1821.
2
Calculate the remainder when 27 is divided by 11.
5
Calculate the remainder when 159 is divided by 18.
15
What is the remainder when 5117 is divided by 2546?
25
Calculate the remainder when 734 is divided by 39.
32
What is the remainder when 521 is divided by 29?
28
What is the remainder when 65 is divided by 25?
15
What is the remainder when 2513 is divided by 498?
23
Calculate the remainder when 4708 is divided by 124.
120
Calculate the remainder when 11247 is divided by 15.
12
Calculate the remainder when 184 is divided by 21.
16
What is the remainder when 1398 is divided by 56?
54
What is the remainder when 158 is divided by 25?
8
Calculate the remainder when 156 is divided by 27.
21
What is the remainder when 198 is divided by 50?
48
Calculate the remainder when 6106 is divided by 31.
30
Calculate the remainder when 274 is divided by 41.
28
Calculate the remainder when 330 is divided by 118.
94
What is the remainder when 103 is divided by 12?
7
Calculate the remainder when 946 is divided by 52.
10
What is the remainder when 965 is divided by 250?
215
Calculate the remainder when 153 is divided by 104.
49
What is the remainder when 189 is divided by 46?
5
Calculate the remainder when 119 is divided by 39.
2
What is the remainder when 1174 is divided by 296?
286
What is the remainder when 180 is divided by 68?
44
Calculate the remainder when 348 is divided by 22.
18
What is the remainder when 1008 is divided by 46?
42
Calculate the remainder when 2958 is divided by 228.
222
Calculate the remainder when 15117 is divided by 45.
42
What is the remainder when 86 is divided by 31?
24
What is the remainder when 98 is divided by 87?
11
What is the remainder when 669 is divided by 131?
14
What is the remainder when 4237 is divided by 163?
162
What is the remainder when 2201 is divided by 581?
458
Calculate the remainder when 121 is divided by 23.
6
What is the remainder when 490 is divided by 41?
39
Calculate the remainder when 271 is divided by 92.
87
What is the remainder when 173 is divided by 4?
1
Calculate the remainder when 464 is divided by 67.
62
Calculate the remainder when 162 is divided by 32.
2
What is the remainder when 5214 is divided by 111?
108
What is the remainder when 1193 is divided by 13?
10
What is the remainder when 338 is divided by 17?
15
Calculate the remainder when 133 is divided by 9.
7
What is the remainder when 65 is divided by 33?
32
Calculate the remainder when 54 is divided by 10.
4
What is the remainder when 227 is divided by 59?
50
Calculate the remainder when 312 is divided by 21.
18
Calculate the remainder when 520 is divided by 133.
121
What is the remainder when 3704 is divided by 9?
5
What is the remainder when 1467 is divided by 42?
39
Calculate the remainder when 470 is divided by 8.
6
Calculate the remainder when 244 is divided by 21.
13
Calculate the remainder when 3609 is divided by 42.
39
Calculate the remainder when 1500 is divided by 64.
28
What is the remainder when 1475 is divided by 722?
31
Calculate the remainder when 141 is divided by 58.
25
What is the remainder when 137 is divided by 23?
22
What is the remainder when 148 is divided by 53?
42
What is the remainder when 1000 is divided by 109?
19
What is the remainder when 124 is divided by 9?
7
What is the remainder when 307 is divided by 11?
10
What is the remainder when 562 is divided by 43?
3
Calculate the remainder when 327 is divided by 19.
4
What is the remainder when 46 is divided by 7?
4
Calculate the remainder when 350 is divided by 118.
114
What is the remainder when 8233 is divided by 179?
178
What is the remainder when 476 is divided by 92?
16
What is the remainder when 110 is divided by 18?
2
What is the remainder when 906 is divided by 220?
26
What is the remainder when 864 is divided by 89?
63
What is the remainder when 550 is divided by 81?
64
Calculate the remainder when 188 is divided by 66.
56
What is the remainder when 448 is divided by 80?
48
What is the remainder when 205 is divided by 30?
25
What is the remainder when 279 is divided by 96?
87
Calculate the remainder when 193 is divided by 40.
33
Calculate the remainder when 425 is divided by 72.
65
What is the remainder when 2391 is divided by 5?
1
Calculate the remainder when 70 is divided by 9.
7
What is the remainder when 164 is divided by 24?
20
What is the remainder when 456 is divided by 72?
24
Calculate the remainder when 202 is divided by 17.
15
Calculate the remainder when 403 is divided by 37.
33
What is the remainder when 553 is divided by 89?
19
What is the remainder when 396 is divided by 194?
8
Calculate the remainder when 101 is divided by 36.
29
Calculate the remainder when 50189 is divided by 105.
104
What is the remainder when 622 is divided by 48?
46
What is the remainder when 2259 is divided by 103?
96
Calculate the remainder when 5827 is divided by 110.
107
Calculate the remainder when 2545 is divided by 19.
18
Calculate the remainder when 158 is divided by 37.
10
Calculate the remainder when 428 is divided by 115.
83
Calculate the remainder when 44 is divided by 2.
0
Calculate the remainder when 1078 is divided by 33.
22
What is the remainder when 5556 is divided by 7?
5
What is the remainder when 1331 is divided by 5?
1
Calculate the remainder when 216 is divided by 11.
7
What is the remainder when 87 is divided by 33?
21
What is the remainder when 172 is divided by 47?
31
Calculate the remainder when 59 is divided by 33.
26
What is the remainder when 213 is divided by 104?
5
Calculate the remainder when 280 is divided by 91.
7
Calculate the remainder when 160 is divided by 7.
6
Calculate the remainder when 87 is divided by 45.
42
What is the remainder when 92 is divided by 45?
2
What is the remainder when 128 is divided by 6?
2
What is the remainder when 1022 is divided by 7?
0
What is the remainder when 542 is divided by 121?
58
What is the remainder when 187 is divided by 97?
90
Calculate the remainder when 247 is divided by 172.
75
Calculate the remainder when 103 is divided by 7.
5
Calculate the remainder when 37 is divided by 21.
16
Calculate the remainder when 438 is divided by 211.
16
Calculate the remainder when 5245 is divided by 2622.
1
What is the remainder when 595 is divided by 151?
142
What is the remainder when 1536 is divided by 1536?
0
Calculate the remainder when 8114 is divided by 2699.
17
What is the remainder when 36 is divided by 7?
1
Calculate the remainder when 286 is divided by 17.
14
What is the remainder when 48 is divided by 29?
19
What is the remainder when 532 is divided by 178?
176
What is the remainder when 1731 is divided by 575?
6
Calculate the remainder when 284 is divided by 52.
24
Calculate the remainder when 337 is divided by 336.
1
What is the remainder when 26 is divided by 5?
1
What is the remainder when 43 is divided by 19?
5
Calculate the remainder when 58 is divided by 14.
2
Calculate the remainder when 235 is divided by 68.
31
Calculate the remainder when 575 is divided by 281.
13
Calculate the remainder when 6854 is divided by 19.
14
Calculate the remainder when 3575 is divided by 199.
192
Calculate the remainder when 128 is divided by 23.
13
Calculate the remainder when 919 is divided by 92.
91
What is the remainder when 367 is divided by 64?
47
What is the remainder when 160 is divided by 54?
52
What is the remainder when 28 is divided by 3?
1
Calculate the remainder when 593 is divided by 86.
77
Calculate the remainder when 173 is divided by 17.
3
Calculate the remainder when 3320 is divided by 9.
8
What is the remainder when 234 is divided by 34?
30
Calculate the remainder when 6172 is divided by 440.
12
Calculate the remainder when 1988 is divided by 181.
178
Calculate the remainder when 536 is divided by 90.
86
What is the remainder when 1213 is divided by 19?
16
What is the remainder when 798 is divided by 101?
91
Calculat